e prime factors of i(5).
3, 13
Suppose 0 = -3*o + 2*o + 41. List the prime factors of o.
41
Let w(s) = -2*s + 14. What are the prime factors of w(-19)?
2, 13
Let f = -6 + 6. Suppose -2*k - 2*b + 44 = f, -k = k - 5*b - 44. List the prime factors of k.
2, 11
Let n = 149 - 79. List the prime factors of n.
2, 5, 7
Suppose 3*k = k - 72. Let j = 52 + k. Suppose j = n + n. List the prime factors of n.
2
Suppose 2*r + 5*l - 487 = 2*l, 0 = -l - 3. What are the prime factors of r?
2, 31
Suppose -2*y - 3*l = -9, 4*y - 2*l + 4*l = 6. Let g = y + 0. What are the prime factors of (1 + -2 - g) + 6?
5
Let v be (2 - 3/3)*-2. Let t = v - -8. List the prime factors of 27/5 - t/15.
5
Let v(r) = -r - r**3 + 1 - r - 4 + 2*r**3. Let d be v(-3). Let f = -10 - d. List the prime factors of f.
2, 7
List the prime factors of 2/(1/(-1)) + 31.
29
Let t be (-1 - (1 + -5))*1. Suppose -t*b + 1 = 4. Let d = b - -4. What are the prime factors of d?
3
Let a(l) = -2*l - 2. Let c be a(-2). Suppose -c = 3*z - 92. List the prime factors of z.
2, 3, 5
Let l be 2 + 0 + (-3 - 9). Let d = l - -17. Let c = d - -1. List the prime factors of c.
2
Let u = 99 + -36. What are the prime factors of u?
3, 7
List the prime factors of (13 - -1)*(-9)/(-2).
3, 7
Suppose 0 = -3*i - 949 + 283. Let b = 312 + i. List the prime factors of b/11 + (-2)/11.
2
Let m(f) = 72*f - 10. List the prime factors of m(2).
2, 67
Let y be 12/(-4)*1/(-1). Suppose 0 = -4*u + 2*v + 91 + 69, y*u + 2*v - 106 = 0. Let w = u - 25. List the prime factors of w.
13
Suppose -4 = -2*x + 8. Let d(k) = -2*k + 6*k - 91 + 83. List the prime factors of d(x).
2
Let u = -9 - -13. Suppose u*w - 42 = -5*l + 3, -2*w = 5*l - 35. What are the prime factors of w?
5
Suppose -w = w + 3*u + 10, 5*u = 5*w. Let b be (w/(-4))/((-4)/(-8)). What are the prime factors of (2*4*b)/1?
2
Let l(y) = y**3 - 8*y**2 - 2*y - 4. What are the prime factors of l(9)?
59
Let h(o) = -o**3 - o**2 + 1. Let k be h(-1). Let w = k - -4. Suppose 3*s = -2*s + 20, -92 = -w*g - 3*s. List the prime factors of g.
2
Let c(h) = 2*h**2 + 9*h + 1. Let z(i) = -3*i**2 - 8*i. Let s(y) = 4*c(y) + 3*z(y). What are the prime factors of s(9)?
31
Let v be ((-8)/6)/(1/3). Let x = v + 9. Suppose -4*m = -x*m + 12. What are the prime factors of m?
2, 3
Suppose 5 + 7 = 4*p. Suppose -p*g + 38 = -g. What are the prime factors of g?
19
What are the prime factors of ((-8)/(-10))/(14/595)?
2, 17
Suppose -4*h = -127 - 13. List the prime factors of h.
5, 7
Let b(m) = 2*m**2 + 7*m + 4. Let f be b(-4). Suppose 37 + f = 3*w. List the prime factors of w.
3, 5
Let j(y) = -y**3 - 3*y**2 + 5*y + 6. What are the prime factors of j(-4)?
2
Suppose -t + 3*t = -12. List the prime factors of (12/(-10))/(t/80).
2
List the prime factors of (29 - -4) + -2 + 3.
2, 17
Suppose 4*n = 2*n + 76. Suppose -3*t + 3*u = -n + 113, -97 = 4*t - 5*u. Let k = -19 - t. What are the prime factors of k?
3
Let i = -51 + 35. Let y = i - -36. List the prime factors of y.
2, 5
Suppose 2*a = -2*m + 4, -4*a = 3*m - 1 - 1. Suppose 0 = -4*h + h + m. What are the prime factors of h?
2
Let t(g) = 27*g + 5. Let l be t(-2). Let c = -26 - l. List the prime factors of c.
23
Let m(p) = 6*p. Let o be m(-1). Let z(a) be the third derivative of -a**5/60 - 3*a**4/8 - 5*a**3/6 + 9*a**2. List the prime factors of z(o).
13
Let l be (3/(-6))/(-1)*6. Suppose l*k - 1 - 20 = 0. Let w(h) = -h**3 + 7*h**2 + 3. What are the prime factors of w(k)?
3
Let l(r) = -r**2 - 30*r - 13. List the prime factors of l(-29).
2
Suppose -o + 4 = -2. Let j be (-1)/(-2) - 51/o. Let h = j - -25. List the prime factors of h.
17
Let q = 32 - 22. Suppose 0 = -t + 2*a - 15, -2*t = -0*a + 2*a + 6. Let y = t + q. List the prime factors of y.
3
Let z(y) = y**3 - 3*y**2 - 5*y + 7. Let w be z(5). Suppose 2*v - 12 = m + 2*m, -4*v + 4 = -m. Suppose 2*b + 2 - w = v. What are the prime factors of b?
3, 5
Suppose 8 = 5*s - 3*q, -4*s + q = -8*s + 3. Let f = s - -16. What are the prime factors of f?
17
Let s(w) = -w**2 + 4*w + 10. Let l be s(9). Let b = 73 + l. What are the prime factors of b?
2, 19
Suppose -108 = 2*r - 6*r. What are the prime factors of r?
3
Let v = 6 + -1. Suppose -5*f + 13 - 38 = -v*t, 0 = -5*t + 4*f + 29. Let x(q) = q + 8. What are the prime factors of x(t)?
17
Suppose -71 = -3*q - 23. Let k = q + -10. List the prime factors of k.
2, 3
List the prime factors of 1/(5 - (4 + -1))*398.
199
Let c = 26 + -10. List the prime factors of 536/c + 1/2.
2, 17
Suppose 0 = -12*w + 10*w + 606. List the prime factors of w.
3, 101
Let k = 52 + -4. List the prime factors of k.
2, 3
Let m(o) = 2 + 3 - 4 - 3 - 3*o + o**2. What are the prime factors of m(-3)?
2
Suppose -4*w = -w - 105. Suppose c + 5*x + w = 5*c, -2*c = -4*x - 22. Suppose 0 = c*r - 11 - 9. List the prime factors of r.
2
Suppose -4*j = -0*j + 4. List the prime factors of 16 + 1 + 2/j.
3, 5
Let n(b) = b**3 + 11*b**2 + 4*b + 12. What are the prime factors of n(-6)?
2, 3, 7
Let n(m) be the second derivative of m**3/6 + m**2 - 5*m. List the prime factors of n(10).
2, 3
Suppose -3*s - 40 = 2*h, 5*h - 14 = -3*s + 5*s. Let u = s - -9. List the prime factors of (50/15)/((-1)/u).
2, 5
Let o(f) = -8*f - 5*f + 4*f + 12 + f**2. List the prime factors of o(9).
2, 3
Let p be ((-4)/(-10))/(3/420). Suppose 5*g + 6 = p. List the prime factors of g.
2, 5
Let l = 3 + -3. Suppose 4*y = -l*y + 8. List the prime factors of y.
2
Let a = -7 - -15. List the prime factors of a.
2
Let d = -8 + 12. Suppose -d = -2*p - 4*x, 4*p - 4*x - 20 = -0*x. List the prime factors of p.
2
List the prime factors of 516/(-3 - -6 - 1).
2, 3, 43
Let s = 16 - 11. Suppose s*w = 12 + 3. List the prime factors of w.
3
What are the prime factors of -3*(-2 - (-22)/(-3))?
2, 7
Suppose -x + 10*b - 5*b + 23 = 0, -28 = -4*x + 4*b. Suppose -45 = -x*v + 30. List the prime factors of v.
5
Let n = 33 - 26. What are the prime factors of n?
7
Let p = 16 + -4. List the prime factors of p.
2, 3
Suppose 2 + 0 = -t. Let b be ((-8)/10)/(t/5). List the prime factors of 21/b*(-6)/(-9).
7
Let a(f) = -f**2 + 27*f - 23. List the prime factors of a(12).
157
Suppose 0 = -3*o - 5*p + 91, -5*p = -5*o - 54 + 179. Suppose -o = -4*t + 4*x + 145, -2*t - x + 86 = 0. Let y = -31 + t. List the prime factors of y.
2, 3
Let l(r) = -3*r - 3. Let f(x) be the first derivative of -x**4/4 + 7*x**3/3 - 5*x**2/2 - 8*x - 2. Let g be f(6). What are the prime factors of l(g)?
3
Suppose x = -4*x + 35. List the prime factors of (2 + x)*(-2)/(-3).
2, 3
Let l(s) = 2*s - 6 - 3*s + 2*s + 2*s. What are the prime factors of l(7)?
3, 5
Let f = 139 + -79. What are the prime factors of f?
2, 3, 5
Suppose -500 = -4*x - 92. Suppose -3*l - 38 = -4*l - 5*m, 4*l = 5*m + x. Suppose -6*j - 5*g = -j - 35, -2*j = -5*g - l. What are the prime factors of j?
3
Let y(j) be the third derivative of 0*j**4 + 1/60*j**5 + 0*j**3 - j**2 - 11/120*j**6 + 0*j + 0. What are the prime factors of y(-1)?
2, 3
Suppose 0 = -3*v + 5*k + 286, -2*v - 3*v - 5*k + 410 = 0. List the prime factors of v.
3, 29
List the prime factors of (-2)/(-7) - 82/(-7).
2, 3
Let j(s) = 2*s**3 - 2*s**2 + 7*s - 8. List the prime factors of j(4).
2, 29
Suppose -41 = -2*x - x + 4*a, -4*x - 4*a + 8 = 0. What are the prime factors of x?
7
List the prime factors of 561*((-2)/(-3))/2.
11, 17
Let d(g) = g**3 + 2*g**2 - 2*g + 1. Let y be d(1). Suppose -5*m + y = -13. Let v = m + 6. What are the prime factors of v?
3
Let n(y) = -5*y + 2*y + 10*y**2 + 0*y + y + 1. Let q be (0 + -1 - 0) + 2. List the prime factors of n(q).
3
Suppose g - 3*g + 52 = 0. Let d be g/(-10) + (-4)/10. Let t(f) = -5*f - 2. List the prime factors of t(d).
13
Let q = -103 + 145. What are the prime factors of q?
2, 3, 7
Suppose 0*w + 10*w - 80 = 0. List the prime factors of w.
2
Let w(b) = 1. Let g(k) = 2*k - 6. Let v(h) = g(h) + 6*w(h). Let i be v(1). Suppose 21 = i*n - 9. List the prime factors of n.
3, 5
Let r be (-4)/8*(0 + -2). Suppose -2*c + c - 1 = 0. Let g = r - c. List the prime factors of g.
2
Let d = 18 + 3. List the prime factors of d.
3, 7
Let l(u) = 6*u**2 + u. Let m be l(-1). Suppose -m*o - 3*v + 0 = -83, -v = -5*o + 79. List the prime factors of o.
2
Let a(r) = 2*r**2 - 4*r + 2. What are the prime factors of a(3)?
2
Let u be 8/(-10)*50/(-4). Suppose -4*s + u = -10. Suppose c + 2*c - 29 = -2*l, s*c - 5*l